2.
2, 17, 103
What are the prime factors of 20000?
2, 5
What are the prime factors of 13877?
13877
What are the prime factors of 1968?
2, 3, 41
What are the prime factors of 17122?
2, 7, 1223
What are the prime factors of 50183?
7, 67, 107
What are the prime factors of 753?
3, 251
List the prime factors of 5283.
3, 587
What are the prime factors of 116031?
3, 38677
List the prime factors of 126391.
97, 1303
List the prime factors of 814.
2, 11, 37
What are the prime factors of 31230?
2, 3, 5, 347
List the prime factors of 36663.
3, 11, 101
What are the prime factors of 53464?
2, 41, 163
What are the prime factors of 1456?
2, 7, 13
List the prime factors of 7947.
3, 883
What are the prime factors of 49902?
2, 3, 8317
List the prime factors of 127412.
2, 53, 601
List the prime factors of 50273.
50273
List the prime factors of 4955.
5, 991
List the prime factors of 1532.
2, 383
What are the prime factors of 974?
2, 487
What are the prime factors of 17920?
2, 5, 7
List the prime factors of 1742.
2, 13, 67
List the prime factors of 154141.
13, 71, 167
What are the prime factors of 1864?
2, 233
What are the prime factors of 128522?
2, 179, 359
What are the prime factors of 2780?
2, 5, 139
What are the prime factors of 1051?
1051
List the prime factors of 30633.
3, 10211
What are the prime factors of 909?
3, 101
What are the prime factors of 17089?
23, 743
List the prime factors of 3267.
3, 11
What are the prime factors of 1184?
2, 37
List the prime factors of 46767.
3, 7, 17, 131
What are the prime factors of 3951?
3, 439
List the prime factors of 4545.
3, 5, 101
What are the prime factors of 834?
2, 3, 139
List the prime factors of 1559.
1559
List the prime factors of 2561.
13, 197
List the prime factors of 15313.
15313
What are the prime factors of 7453?
29, 257
What are the prime factors of 4577?
23, 199
What are the prime factors of 5278?
2, 7, 13, 29
What are the prime factors of 12820?
2, 5, 641
List the prime factors of 548.
2, 137
What are the prime factors of 1948?
2, 487
What are the prime factors of 80?
2, 5
List the prime factors of 2679.
3, 19, 47
List the prime factors of 4535.
5, 907
What are the prime factors of 410?
2, 5, 41
List the prime factors of 7501.
13, 577
What are the prime factors of 17350?
2, 5, 347
List the prime factors of 1111.
11, 101
What are the prime factors of 14827?
14827
What are the prime factors of 3657?
3, 23, 53
What are the prime factors of 13646?
2, 6823
List the prime factors of 38.
2, 19
List the prime factors of 6651.
3, 739
What are the prime factors of 72474?
2, 3, 47, 257
What are the prime factors of 13780?
2, 5, 13, 53
What are the prime factors of 10737?
3, 1193
What are the prime factors of 20740?
2, 5, 17, 61
List the prime factors of 51638.
2, 25819
List the prime factors of 29051.
11, 19, 139
List the prime factors of 28755.
3, 5, 71
List the prime factors of 2196.
2, 3, 61
What are the prime factors of 1875?
3, 5
What are the prime factors of 761?
761
What are the prime factors of 48158?
2, 11, 199
List the prime factors of 17383.
17383
List the prime factors of 206.
2, 103
What are the prime factors of 82469?
82469
List the prime factors of 4972.
2, 11, 113
What are the prime factors of 1761?
3, 587
What are the prime factors of 29278?
2, 14639
What are the prime factors of 2986?
2, 1493
List the prime factors of 840.
2, 3, 5, 7
List the prime factors of 1711.
29, 59
List the prime factors of 2202.
2, 3, 367
List the prime factors of 46920.
2, 3, 5, 17, 23
List the prime factors of 21473.
109, 197
What are the prime factors of 7465?
5, 1493
List the prime factors of 549.
3, 61
What are the prime factors of 90717?
3, 11, 2749
What are the prime factors of 13730?
2, 5, 1373
List the prime factors of 36041.
23, 1567
What are the prime factors of 186609?
3, 17, 3659
What are the prime factors of 413?
7, 59
List the prime factors of 26505.
3, 5, 19, 31
What are the prime factors of 23439?
3, 13, 601
What are the prime factors of 83669?
31, 2699
What are the prime factors of 530?
2, 5, 53
What are the prime factors of 2798?
2, 1399
List the prime factors of 5349.
3, 1783
List the prime factors of 2198.
2, 7, 157
What are the prime factors of 12673?
19, 23, 29
List the prime factors of 1544.
2, 193
List the prime factors of 16974.
2, 3, 23, 41
List the prime factors of 19977.
3, 6659
What are the prime factors of 4080?
2, 3, 5, 17
What are the prime factors of 52376?
2, 6547
What are the prime factors of 47580?
2, 3, 5, 13, 61
List the prime factors of 41761.
41761
What are the prime factors of 497?
7, 71
List the prime factors of 2244.
2, 3, 11, 17
List the prime factors of 968.
2, 11
List the prime factors of 1134.
2, 3, 7
List the prime factors of 3753.
3, 139
What are the prime factors of 57534?
2, 3, 43, 223
List the prime factors of 47099.
13, 3623
List the prime factors of 119333.
47, 2539
List the prime factors of 7063.
7, 1009
List the prime factors of 24943.
24943
What are the prime factors of 9087?
3, 13, 233
What are the prime factors of 42048?
2, 3, 73
List the prime factors of 749.
7, 107
List the prime factors of 52824.
2, 3, 31, 71
What are the prime factors of 6105?
3, 5, 11, 37
What are the prime factors of 6395?
5, 1279
What are the prime factors of 491?
491
List the prime factors of 111689.
67, 1667
List the prime factors of 141767.
141767
List the prime factors of 521.
521
List the prime factors of 1091.
1091
List the prime factors of 3850.
2, 5, 7, 11
What are the prime factors of 201?
3, 67
What are the prime factors of 30080?
2, 5, 47
What are the prime factors of 26479?
26479
What are the prime factors of 11201?
23, 487
What are the prime factors of 19529?
59, 331
What are the prime factors of 2885?
5, 577
List the prime factors of 14967.
3, 1663
List the prime factors of 11897.
11897
What are the prime factors of 114?
2, 3, 19
What are the prime factors of 50731?
97, 523
List the prime factors of 57393.
3, 7, 911
List the prime factors of 1546.
2, 773
What are the prime factors of 26405?
5, 5281
What are the prime factors of 2058?
2, 3, 7
List the prime factors of 36706.
2, 18353
What are the prime factors of 596?
2, 149
What are the prime factors of 22948?
2, 5737
List the prime factors of 25168.
2, 11, 13
List the prime factors of 34469.
34469
What are the prime factors of 124312?
2, 41, 379
List the prime factors of 43877.
17, 29, 89
What are the prime factors of 9840?
2, 3, 5, 41
What are the prime factors of 466?
2, 233
List the prime factors of 19580.
2, 5, 11, 89
List the prime factors of 1273.
19, 67
What are the prime factors of 967?
967
List the prime factors of 8919.
3, 991
What are the prime factors of 448?
2, 7
List the prime factors of 21273.
3, 7, 1013
What are the prime factors of 1123?
1123
What are the prime factors of 6530?
2, 5, 653
What are the prime factors of 4346?
2, 41, 53
List the prime factors of 15901.
15901
What are the prime factors of 500?
2, 5
List the prime factors of 14471.
29, 499
List the prime factors of 112105.
5, 7, 3203
What are the prime factors of 5069?
37, 137
List the prime factors of 921.
3, 307
List the prime factors of 17784.
2, 3, 13, 19
List the prime factors of 10853.
10853
What are the prime factors of 1818?
2, 3, 101
List the prime factors of 18843.
3, 11, 571
What are the prime factors of 12332?
2, 3083
What are the prime factors of 58?
2, 29
List the prime factors of 6269.
6269
List the prime factors of 69508.
2, 17377
What are the prime factors of 16714?
2, 61, 137
What are the prime factors of 4708?
2, 11, 107
List the prime factors of 4604.
2, 1151
What are the prime factors of 2694?
2, 3, 449
List the prime factors of 2398.
2, 11, 109
List the prime factors of 452.
2, 113
List the prime factors of 10826.
2, 5413
List the prime factors of 34949.
34949
What are the prime factors of 136942?
2, 13, 23, 229
List the prime factors of 483.
3, 7, 23
List the prime factors of 2787.
3, 929
List the prime factors of 16637.
127, 131
What are the prime factors of 499?
499
List the prime factors of 114.
2, 3, 19
What are the prime factors of 21007?
7, 3001
What are the prime factors of 6861?
3, 2287
What are the prime factors of 892?
2, 223
What are the prime factors of 61250?
2, 5, 7
List the prime factors of 351.
3, 13
Wha